r when 64 is divided by 44?
20
What is the remainder when 3618 is divided by 1206?
0
Calculate the remainder when 6316 is divided by 54.
52
What is the remainder when 6287 is divided by 45?
32
Calculate the remainder when 3214 is divided by 48.
46
Calculate the remainder when 2939 is divided by 42.
41
What is the remainder when 127 is divided by 122?
5
Calculate the remainder when 899 is divided by 129.
125
What is the remainder when 4913 is divided by 42?
41
What is the remainder when 696 is divided by 10?
6
Calculate the remainder when 170 is divided by 95.
75
What is the remainder when 675 is divided by 107?
33
What is the remainder when 8903 is divided by 28?
27
What is the remainder when 15 is divided by 3?
0
What is the remainder when 1107 is divided by 38?
5
Calculate the remainder when 508 is divided by 296.
212
Calculate the remainder when 88 is divided by 46.
42
Calculate the remainder when 6147 is divided by 13.
11
What is the remainder when 92 is divided by 3?
2
What is the remainder when 95 is divided by 51?
44
What is the remainder when 174 is divided by 155?
19
What is the remainder when 43 is divided by 24?
19
What is the remainder when 3219 is divided by 35?
34
Calculate the remainder when 1959 is divided by 140.
139
What is the remainder when 252 is divided by 11?
10
Calculate the remainder when 11777 is divided by 19.
16
What is the remainder when 309 is divided by 81?
66
What is the remainder when 279 is divided by 42?
27
Calculate the remainder when 918 is divided by 46.
44
Calculate the remainder when 2959 is divided by 492.
7
Calculate the remainder when 935 is divided by 463.
9
What is the remainder when 4248 is divided by 605?
13
What is the remainder when 1837 is divided by 32?
13
Calculate the remainder when 2931 is divided by 19.
5
What is the remainder when 6287 is divided by 17?
14
Calculate the remainder when 248 is divided by 119.
10
Calculate the remainder when 20 is divided by 5.
0
Calculate the remainder when 414 is divided by 15.
9
Calculate the remainder when 438 is divided by 22.
20
What is the remainder when 209 is divided by 146?
63
Calculate the remainder when 302 is divided by 9.
5
Calculate the remainder when 19823 is divided by 23.
20
Calculate the remainder when 159 is divided by 40.
39
Calculate the remainder when 497 is divided by 23.
14
What is the remainder when 1102 is divided by 13?
10
Calculate the remainder when 599 is divided by 6.
5
What is the remainder when 71 is divided by 25?
21
Calculate the remainder when 1128 is divided by 226.
224
What is the remainder when 144 is divided by 67?
10
What is the remainder when 208 is divided by 104?
0
What is the remainder when 48 is divided by 34?
14
What is the remainder when 106 is divided by 8?
2
What is the remainder when 1507 is divided by 58?
57
Calculate the remainder when 599 is divided by 154.
137
What is the remainder when 3385 is divided by 53?
46
What is the remainder when 1440 is divided by 39?
36
Calculate the remainder when 293 is divided by 2.
1
What is the remainder when 286 is divided by 18?
16
Calculate the remainder when 30 is divided by 4.
2
Calculate the remainder when 568 is divided by 19.
17
Calculate the remainder when 1725 is divided by 54.
51
What is the remainder when 702 is divided by 30?
12
What is the remainder when 1485 is divided by 20?
5
Calculate the remainder when 147 is divided by 124.
23
What is the remainder when 375 is divided by 21?
18
Calculate the remainder when 6172 is divided by 19.
16
Calculate the remainder when 84 is divided by 8.
4
What is the remainder when 2827 is divided by 24?
19
What is the remainder when 1008 is divided by 51?
39
What is the remainder when 1127 is divided by 39?
35
What is the remainder when 1538 is divided by 34?
8
What is the remainder when 872 is divided by 281?
29
Calculate the remainder when 289 is divided by 35.
9
Calculate the remainder when 745 is divided by 285.
175
What is the remainder when 135 is divided by 30?
15
Calculate the remainder when 2804 is divided by 54.
50
What is the remainder when 684 is divided by 14?
12
What is the remainder when 189 is divided by 22?
13
Calculate the remainder when 74 is divided by 41.
33
What is the remainder when 5519 is divided by 30?
29
What is the remainder when 11564 is divided by 203?
196
Calculate the remainder when 22 is divided by 6.
4
What is the remainder when 1359 is divided by 435?
54
Calculate the remainder when 335 is divided by 42.
41
What is the remainder when 295 is divided by 111?
73
Calculate the remainder when 139 is divided by 80.
59
What is the remainder when 305 is divided by 4?
1
What is the remainder when 152 is divided by 47?
11
What is the remainder when 306 is divided by 22?
20
What is the remainder when 280 is divided by 26?
20
What is the remainder when 42 is divided by 33?
9
What is the remainder when 385 is divided by 130?
125
What is the remainder when 41 is divided by 17?
7
Calculate the remainder when 1113 is divided by 56.
49
Calculate the remainder when 642 is divided by 199.
45
Calculate the remainder when 115 is divided by 21.
10
What is the remainder when 417 is divided by 53?
46
What is the remainder when 150 is divided by 33?
18
Calculate the remainder when 502 is divided by 451.
51
Calculate the remainder when 1950 is divided by 969.
12
What is the remainder when 683 is divided by 31?
1
Calculate the remainder when 364 is divided by 76.
60
Calculate the remainder when 3644 is divided by 33.
14
What is the remainder when 4437 is divided by 24?
21
Calculate the remainder when 2006 is divided by 6.
2
Calculate the remainder when 14985 is divided by 4992.
9
What is the remainder when 166 is divided by 48?
22
What is the remainder when 96 is divided by 10?
6
Calculate the remainder when 715 is divided by 352.
11
What is the remainder when 163 is divided by 17?
10
Calculate the remainder when 5101 is divided by 138.
133
What is the remainder when 58 is divided by 36?
22
Calculate the remainder when 251 is divided by 23.
21
Calculate the remainder when 4366 is divided by 11.
10
What is the remainder when 2032 is divided by 342?
322
Calculate the remainder when 644 is divided by 51.
32
What is the remainder when 2377 is divided by 20?
17
Calculate the remainder when 265 is divided by 9.
4
Calculate the remainder when 297 is divided by 31.
18
Calculate the remainder when 148 is divided by 36.
4
Calculate the remainder when 36 is divided by 22.
14
Calculate the remainder when 409 is divided by 87.
61
What is the remainder when 968 is divided by 19?
18
Calculate the remainder when 457 is divided by 118.
103
Calculate the remainder when 240 is divided by 73.
21
What is the remainder when 9198 is divided by 4?
2
What is the remainder when 150 is divided by 14?
10
Calculate the remainder when 240 is divided by 87.
66
Calculate the remainder when 2067 is divided by 25.
17
Calculate the remainder when 215 is divided by 46.
31
Calculate the remainder when 281 is divided by 37.
22
What is the remainder when 66 is divided by 42?
24
Calculate the remainder when 835 is divided by 828.
7
What is the remainder when 13726 is divided by 13?
11
Calculate the remainder when 205 is divided by 38.
15
Calculate the remainder when 699 is divided by 78.
75
What is the remainder when 359 is divided by 10?
9
Calculate the remainder when 1777 is divided by 18.
13
What is the remainder when 2157 is divided by 103?
97
Calculate the remainder when 206 is divided by 11.
8
What is the remainder when 214 is divided by 27?
25
What is the remainder when 24 is divided by 14?
10
Calculate the remainder when 216 is divided by 80.
56
What is the remainder when 11712 is divided by 35?
22
Calculate the remainder when 135 is divided by 40.
15
What is the remainder when 39 is divided by 17?
5
Calculate the remainder when 176 is divided by 64.
48
What is the remainder when 641 is divided by 43?
39
What is the remainder when 149 is divided by 17?
13
Calculate the remainder when 333 is divided by 49.
39
Calculate the remainder when 65 is divided by 7.
2
Calculate the remainder when 468 is divided by 80.
68
What is the remainder when 153 is divided by 58?
37
What is the remainder when 499 is divided by 85?
74
Calculate the remainder when 